 3277269?
True
Is 570 a factor of 5269779?
False
Does 5 divide 39007?
False
Is 112 a factor of 46816?
True
Is 3733378 a multiple of 17?
False
Does 21 divide 541716?
True
Is 9006401 a multiple of 17?
False
Is 76 a factor of 571023?
False
Is 337707 a multiple of 3?
True
Is 15 a factor of 408917?
False
Is 6388951 a multiple of 13?
False
Is 31 a factor of 3609671?
True
Is 128 a factor of 58305?
False
Is 271 a factor of 1711401?
False
Is 208 a factor of 513041?
False
Is 3 a factor of 208997?
False
Is 471 a factor of 6908628?
True
Is 2 a factor of 114651?
False
Is 212832 a multiple of 8?
True
Is 638 a factor of 1403773?
False
Is 1797600 a multiple of 321?
True
Does 9 divide 6480?
True
Is 571455 a multiple of 81?
True
Is 11 a factor of 2471439?
False
Is 761376 a multiple of 672?
True
Does 19 divide 120061?
True
Is 3 a factor of 126844?
False
Is 912424 a multiple of 36?
False
Is 164450 a multiple of 64?
False
Is 21 a factor of 3820635?
True
Does 40 divide 40570?
False
Is 53894 a multiple of 3?
False
Does 20 divide 816522?
False
Does 6 divide 7561?
False
Does 396 divide 170487?
False
Is 53 a factor of 8269620?
False
Is 11366905 a multiple of 49?
False
Is 67 a factor of 6794502?
False
Does 26 divide 440830?
True
Is 2885065 a multiple of 251?
False
Is 6983965 a multiple of 68?
False
Is 10 a factor of 476383?
False
Is 14 a factor of 458080?
True
Does 26 divide 52494?
True
Is 69 a factor of 2428679?
False
Does 233 divide 1063286?
False
Does 968 divide 400752?
True
Does 10 divide 52993?
False
Is 180087 a multiple of 42?
False
Is 1531603 a multiple of 60?
False
Does 58 divide 2988055?
False
Does 428 divide 2846628?
True
Is 115 a factor of 633305?
True
Does 350 divide 1345050?
True
Is 466 a factor of 2347663?
False
Does 15 divide 4086276?
False
Is 6 a factor of 65961?
False
Does 152 divide 30558232?
True
Does 594 divide 87770?
False
Is 573 a factor of 312732?
False
Is 77020 a multiple of 155?
False
Is 5914 a multiple of 21?
False
Is 423023 a multiple of 176?
False
Is 1331 a factor of 4472400?
False
Is 14 a factor of 518588?
True
Is 5640243 a multiple of 629?
True
Is 6 a factor of 35972?
False
Is 132 a factor of 2002572?
True
Is 12 a factor of 539544?
True
Is 3523300 a multiple of 25?
True
Is 1269985 a multiple of 1475?
False
Is 28795208 a multiple of 344?
True
Is 23 a factor of 19459242?
True
Does 8 divide 2658400?
True
Is 42 a factor of 2413572?
True
Is 11 a factor of 270446?
True
Is 693855 a multiple of 85?
True
Does 144 divide 103248?
True
Is 80 a factor of 407303?
False
Is 492300 a multiple of 180?
True
Is 215025 a multiple of 61?
True
Is 89 a factor of 317196?
True
Does 62 divide 144656?
False
Does 93 divide 168144?
True
Is 38 a factor of 22972932?
False
Does 31 divide 3684691?
True
Is 616140 a multiple of 210?
True
Is 132 a factor of 1686385?
False
Is 327 a factor of 119685?
False
Is 186 a factor of 94674?
True
Is 1776105 a multiple of 1305?
True
Is 2 a factor of 212607?
False
Does 26 divide 766870?
True
Does 337 divide 249043?
True
Does 303 divide 843780?
False
Does 9 divide 77827?
False
Does 63 divide 62622?
True
Is 274032 a multiple of 22?
True
Does 88 divide 333501?
False
Is 1285 a factor of 12019890?
True
Is 46 a factor of 54556?
True
Is 48664 a multiple of 8?
True
Does 8 divide 564408?
True
Is 266 a factor of 4256?
True
Is 21801 a multiple of 43?
True
Is 56 a factor of 156072?
True
Is 277302 a multiple of 818?
True
Is 153342 a multiple of 63?
True
Is 10164129 a multiple of 1087?
False
Is 14 a factor of 198851?
False
Does 11 divide 245399?
True
Is 20 a factor of 312684?
False
Is 1135 a factor of 2340982?
False
Is 422 a factor of 28710153?
False
Is 9 a factor of 1503003?
False
Is 52 a factor of 663886?
False
Does 27 divide 1662379?
False
Does 4 divide 1749932?
True
Is 348484 a multiple of 81?
False
Is 26662336 a multiple of 1357?
True
Is 176554 a multiple of 335?
False
Is 66 a factor of 111672?
True
Is 2629339 a multiple of 78?
False
Is 4750 a multiple of 3?
False
Is 3710882 a multiple of 336?
False
Is 3265471 a multiple of 761?
False
Is 36 a factor of 1740402?
False
Does 30 divide 303000?
True
Does 746 divide 5073759?
False
Is 289 a factor of 149124?
True
Is 191613 a multiple of 484?
False
Does 66 divide 3523798?
False
Does 98 divide 214816?
True
Is 264266 a multiple of 18?
False
Does 57 divide 170658?
True
Is 2091320 a multiple of 196?
True
Does 35 divide 742035?
True
Is 79640 a multiple of 362?
True
Is 23917 a multiple of 4?
False
Does 241 divide 644193?
True
Is 15 a factor of 198754?
False
Is 102 a factor of 3014196?
False
Is 24 a factor of 231131?
False
Does 16 divide 168413?
False
Is 7454538 a multiple of 1107?
True
Is 2103537 a multiple of 86?
False
Does 17 divide 913631?
True
Does 172 divide 2003109?
False
Is 1567285 a multiple of 5?
True
Does 16 divide 11821097?
False
Is 212989 a multiple of 229?
False
Is 136 a factor of 2353888?
True
Does 35 divide 422542?
False
Is 427544 a multiple of 8?
True
Is 3 a factor of 72261?
True
Does 38 divide 304646?
True
Is 45 a factor of 4820548?
False
Does 12 divide 393990?
False
Does 37 divide 6008948?
True
Is 6837944 a multiple of 100?
False
Does 46 divide 23046?
True
Is 220 a factor of 89980?
True
Does 32 divide 1811008?
True
Is 632138 a multiple of 13?
True
Is 86 a factor of 1224264?
False
Does 830 divide 785180?
True
Does 424 divide 166632?
True
Does 28 divide 563724?
True
Is 74 a factor of 49654?
True
Is 292672 a multiple of 269?
True
Is 9680189 a multiple of 59?
True
Is 445086 a multiple of 9?
True
Does 48 divide 138778?
False
Is 29 a factor of 2704076?
True
Is 536184 a multiple of 264?
True
Is 93 a factor of 519828?
False
Is 26 a factor of 8430362?
False
Does 47 divide 479917?
True
Does 13 divide 3448666?
True
Is 15 a factor of 110859?
False
Is 1714775 a multiple of 4?
False
Does 48 divide 276720?
True
Is 16 a factor of 467175?
False
Is 43 a factor of 2881?
True
Does 156 divide 265556?
False
Is 29 a factor of 1118821?
False
Is 4342278 a multiple of 677?
True
Is 388190 a multiple of 11?
True
Is 415 a factor of 626405?
False
Is 5 a factor of 465775?
True
Does 4 divide 111082?
False
Is 250 a factor of 1384227?
False
Is 7023 a multiple of 18?
False
Is 65863 a multiple of 179?
False
Does 18 divide 299826?
True
Is 8 a factor of 156704?
True
Is 3966430 a multiple of 5?
True
Does 164 divide 167116?
True
Does 4 divide 39778?
False
Is 10903480 a multiple of 14?
True
Is 108 a factor of 172522?
False
Is 1769970 a multiple of 123?
True
Is 1423585 a multiple of 76?
False
Is 5 a factor of 2594970?
True
Is 47 a factor of 878618?
True
Is 41922 a multiple of 95?
False
Is 289380 a multiple of 65?
True
Does 6 divide 25887?
False
Does 43 divide 4040546?
False
Does 30 divide 16590?
True
Is 77080 a multiple of 47?
True
Is 607 a factor of 118598?
False
Is 57 a factor of 240882?
True
Is 32039695 a multiple of 46?
False
Does 279 divide 966519?
False
Is 34 a factor of 2717313?
False
Is 66 a factor of 5610?
True
Does 607 divide 6760345?
False
Is 23 a factor of 6988?
False
Is 17 a factor of 81023?
False
Is 111 a factor of 100231?
False
Is 34 a factor of 2655769?
False
Is 2602792 a multiple of 31?
False
Does 13 divide 1159535?
True
Is 1798348 a multiple of 74?
True
Is 23 a factor of 682807?
False
Is 551784 a multiple of 277?
True
Is 211 a factor of 252459?
False
Does 344 divide 9477542?
False
Is 150 a factor of 1217544?
False
Is 35 a factor of 11544400?
True
Does 17 divide 206924?
True
Does 7 divide 266847?
True
Does 78 divide 13972062?
True
Is 32 a factor of 7405780?
False
Does 45 divide 2256572?
False
Does 23 divide 33033236?
False
Is 11732 a multiple of 28?
True
Does 3 divide 2448?
True
Does 211 divide 1054578?
True
Is 815 a factor of 162185?
True
Does 1135 divide 2780223?
False
Is 9440415 a multiple of 45?
True
Is 82 a factor of 227881?
False
Is 63 a factor of 1003212?
True
Does 6 divide 659216?
False
Is 439967 a multiple of 623?
False
Is 659 a factor of 1344882?
False
Is 147968 a multiple of 68?
True
Does 13 divide 790725?
True
Does 18 divide 216684?
True
Is 1357881 a multiple of 36?
False
Does 12 divide 917901?
False
Is 14 a factor of 472698?
False
Is 25291825 a multiple of 32?
False
Is 11 a factor of 4753?
False
Does 125 divide 81427?
False
Does 79 divide 634212?
True
Is 176 a factor of 57552?
True
Is 27260 a multiple 